{"id":2,"date":"2020-03-15T07:29:15","date_gmt":"2020-03-15T06:29:15","guid":{"rendered":"http:\/\/ipsolutio.be\/?page_id=2"},"modified":"2022-01-23T21:58:26","modified_gmt":"2022-01-23T20:58:26","slug":"page-d-exemple","status":"publish","type":"page","link":"https:\/\/ipsolutio.be\/index.php\/page-d-exemple\/","title":{"rendered":"La th\u00e9rapie br\u00e8ve syst\u00e9mique"},"content":{"rendered":"\n<p>Vous rencontrez des difficult\u00e9s professionnelles, \u00e9motionnelles, dans vos relations \u00e0 autrui (conjoint, enfants, amis, coll\u00e8gues, \u2026) ? Vous manquez de confiance en vous ? Vous vous sentez stress\u00e9, anxieux ? Vous avez des difficult\u00e9s \u00e0 faire des choix ? Vous traversez une p\u00e9riode de remise en question ? Vous traversez un moment douloureux tel que la perte d&rsquo;un \u00eatre cher ? Vous \u00e9prouvez l&rsquo;envie et le souci de mieux vous conna\u00eetre ?<\/p>\n\n\n\n<p>Faisons le point sur vos difficult\u00e9s et travaillons ensemble pour vous donner <strong>les moyens de d\u00e9passer ces obstacles<\/strong>.<\/p>\n\n\n\n<p>La th\u00e9rapie br\u00e8ve syst\u00e9mique permet de <strong>trouver rapidement des pistes de solutions concr\u00e8tes pour sortir de l\u2019impasse<\/strong> et se sentir apais\u00e9. <\/p>\n\n\n\n<p>Cette d\u00e9marche, inspir\u00e9e de l&rsquo;\u00e9cole de Palo Alto, vous aide \u00e0 retrouver confiance et \u00e0 d\u00e9passer vos souffrances gr\u00e2ce \u00e0 des <strong>outils concrets et efficaces<\/strong>. <\/p>\n\n\n\n<p>Il s&rsquo;agit d&rsquo;une relation d&rsquo;aide sur mesure, centr\u00e9e sur votre demande et vos objectifs.<\/p>\n\n\n\n<p>Le nombre de s\u00e9ances de th\u00e9rapie varie en fonction de vos besoins. Nous d\u00e9terminerons ensemble la fr\u00e9quence des rencontres. <\/p>\n\n\n\n<p><\/p>\n\n\n\n<p class=\"has-text-align-center\"><strong>\u00ab\u00a0<em>La&nbsp;folie&nbsp;est de toujours se comporter de la m\u00eame mani\u00e8re et de s\u2019attendre \u00e0 un r\u00e9sultat diff\u00e9rent. \u00a0\u00bb <\/em><\/strong><\/p>\n\n\n\n<p class=\"has-text-align-center\"><strong><em>Albert Einstein<\/em><\/strong><\/p>\n\n\n\n<p><\/p>\n","protected":false},"excerpt":{"rendered":"<p>Vous rencontrez des difficult\u00e9s professionnelles, \u00e9motionnelles, dans vos relations \u00e0 autrui (conjoint, enfants, amis, coll\u00e8gues, \u2026) ? Vous manquez de confiance en vous ? Vous vous sentez stress\u00e9, anxieux ? Vous avez des difficult\u00e9s \u00e0 faire des choix ? Vous traversez une p\u00e9riode de remise en question ? Vous traversez un moment douloureux tel que &hellip; <a href=\"https:\/\/ipsolutio.be\/index.php\/page-d-exemple\/\" class=\"more-link\">Continuer la lecture<span class=\"screen-reader-text\"> de &laquo;&nbsp;La th\u00e9rapie br\u00e8ve syst\u00e9mique&nbsp;&raquo;<\/span><\/a><\/p>\n","protected":false},"author":1,"featured_media":0,"parent":0,"menu_order":0,"comment_status":"closed","ping_status":"open","template":"","meta":{"footnotes":""},"class_list":["post-2","page","type-page","status-publish","hentry"],"_links":{"self":[{"href":"https:\/\/ipsolutio.be\/index.php\/wp-json\/wp\/v2\/pages\/2","targetHints":{"allow":["GET"]}}],"collection":[{"href":"https:\/\/ipsolutio.be\/index.php\/wp-json\/wp\/v2\/pages"}],"about":[{"href":"https:\/\/ipsolutio.be\/index.php\/wp-json\/wp\/v2\/types\/page"}],"author":[{"embeddable":true,"href":"https:\/\/ipsolutio.be\/index.php\/wp-json\/wp\/v2\/users\/1"}],"replies":[{"embeddable":true,"href":"https:\/\/ipsolutio.be\/index.php\/wp-json\/wp\/v2\/comments?post=2"}],"version-history":[{"count":17,"href":"https:\/\/ipsolutio.be\/index.php\/wp-json\/wp\/v2\/pages\/2\/revisions"}],"predecessor-version":[{"id":231,"href":"https:\/\/ipsolutio.be\/index.php\/wp-json\/wp\/v2\/pages\/2\/revisions\/231"}],"wp:attachment":[{"href":"https:\/\/ipsolutio.be\/index.php\/wp-json\/wp\/v2\/media?parent=2"}],"curies":[{"name":"wp","href":"https:\/\/api.w.org\/{rel}","templated":true}]}}